hat is the units digit of j?
2
Let r(p) = -12*p + 9. What is the units digit of r(-6)?
1
Let u = -1 + 3. Suppose 0*y + u*y + 36 = 0. Let f = y - -26. What is the units digit of f?
8
What is the units digit of (-118)/((-3 - 2) + 3)?
9
Suppose 9 = -3*g + 21. Suppose 5*h - 66 = -3*z, -6*z + 2*z + 88 = g*h. What is the tens digit of z?
2
Suppose 2*k + 95 = 7*k. What is the tens digit of k?
1
Let x be (-16)/(-9) + 2/9. Let k be 2/x*(-2 - -16). What is the units digit of k/21 + (-14)/(-6)?
3
Let v(a) = a**2 + 3*a - 10. Let q be v(-5). Suppose -p + 4*w + 40 = 2*p, -5*w + 25 = q. What is the tens digit of p?
2
Suppose -3*p = 4*t + 17, 3*t - t = -p - 7. Let m be 1/p*(10 + -4). What is the units digit of 3/(m + 15/6)?
6
Suppose 5*w = 3*w + 5*g - 38, 4*w = 4*g - 52. Let n(s) = -s**2 - 13*s - 6. What is the tens digit of n(w)?
3
Suppose 24 = 2*v + 2*v. What is the tens digit of (-38)/(-3) - v/9?
1
Let w(p) = -8*p - 2. What is the tens digit of w(-13)?
0
Suppose -1120 = -6*k + 32. What is the tens digit of k?
9
Suppose -5*o - 7 - 10 = -3*r, 2*o - 4 = 0. What is the units digit of r?
9
Suppose q - 15 = -6. Let h(a) = 0*a - q*a + 6*a + 2. What is the tens digit of h(-3)?
1
Let x(z) = z**2 - 3*z. Let q be x(3). What is the units digit of q - (0/4 + -26)?
6
Suppose 3*o - 348 = -3*o. What is the tens digit of o?
5
Let g(d) = 3*d - 8. Let b be g(6). Let a = b - 1. What is the units digit of a?
9
Suppose 1 + 3 = d. Suppose d*r + 48 = 2*w, 0 = 5*r - 5 - 15. What is the tens digit of w?
3
Let w be 110/12 - (-4)/(-24). Let r = 12 + w. What is the tens digit of r?
2
Suppose 114 = -2*x + 5*x. Let n = -23 + x. What is the tens digit of n?
1
Suppose -2*c - 2 = -4*q, 0*c - 2*c - 8 = -2*q. Let s(a) = a**3 - 1 + 7*a**2 - 2*a - 2*a + 3*a. What is the units digit of s(c)?
6
What is the tens digit of -4 + (-6)/(-1) + 55?
5
What is the units digit of 586/6 - 1 - 34/(-102)?
7
Let u(r) = -r**2 - 13*r + 2. Let y be u(-11). What is the tens digit of 136/y*6/2?
1
Let u = -5 + 87. What is the tens digit of u?
8
Let o(d) = d**2 - 2*d. Let u be o(0). Suppose 3*a + 3*m = 0, 2*m + 1 = -4*a + 3. What is the units digit of a + u - (-1 - -1)?
1
Suppose -19 = -4*k + 9. Let l(r) = r**3 - 8*r**2 + 7*r + 5. Let b be l(k). Suppose -16 = d - b*d. What is the units digit of d?
4
Let d(v) = v**3 + 8*v**2 - 7*v - 6. Let p be d(-8). Suppose p = 8*m - 3*m. What is the units digit of m?
0
Let z(k) be the second derivative of k**4/6 - 3*k. Let t be z(1). Suppose -t*n + 4*n = 4. What is the units digit of n?
2
Let g(j) = j + j + 4 + 12 - 5. What is the tens digit of g(8)?
2
Suppose 2*q + r + 1 = 0, -2*q - 2*q = -r + 17. What is the tens digit of (-1)/(q/30) + 1?
1
Let v = 259 - 168. What is the units digit of v?
1
Let m = -6 - -10. Suppose -8 = m*a - 2*a. Let k = a - -8. What is the units digit of k?
4
Let r(n) = -4*n - 14. Let d be r(-4). Suppose 0 = d*z - 4, -46 - 60 = -4*a - 3*z. What is the units digit of a?
5
Let c(s) = -s**2 - 14*s + 14. Let w be (3 + 3)/((-1)/2). What is the units digit of c(w)?
8
Let j(i) = i - 6. Let w be j(6). Suppose -2*x = -w*x + 3*h - 17, 3*x = 3*h - 12. What is the units digit of x?
1
Let g(l) = 4*l - 1. Suppose 21 + 3 = 6*w. What is the units digit of g(w)?
5
Suppose 0 = -d + 4*a + 21, -d - 30 = -3*d + 5*a. Suppose d*x - 33 = -8. Suppose -5*i = -x*n - 50, 4*i = 3*n + 53 - 16. What is the units digit of i?
7
Let q be 1/(-4) - (-1922)/8. Suppose -4*r + q = 2*k, -r + 3*k + 0*k + 53 = 0. What is the tens digit of r?
5
Let j be 4/18 + (-2)/9. Suppose 0*r - 90 = 5*r + 5*v, -5*v + 25 = j. What is the units digit of (-8)/(-20) + r/(-5)?
5
Suppose 0 = 2*j + 12 - 40. What is the units digit of j?
4
Suppose 3*g - 282 = -2*w, 2*g - 4*w = -2*g + 356. What is the units digit of g?
2
Let u(m) = -m - 3. Let i be u(-8). Suppose 35 - 5 = i*o. What is the tens digit of (-13)/(-1) - 12/o?
1
Let h(q) = -3*q - 4. Let j be 1/2*0 - 4. What is the units digit of h(j)?
8
Let p = -22 - -57. Let y(n) = n - 7. Let j be y(-10). Let w = p + j. What is the tens digit of w?
1
Let m(g) = -g**2 + 3*g - 7. Let i be m(3). Let d = i - -18. What is the units digit of d?
1
Let s = -15 - -125. What is the tens digit of s?
1
Suppose 3*r + r + 4 = 0. Let o be -2 + (1 - r) + 0. Suppose o = a - 6*a + 5. What is the units digit of a?
1
Let u be ((-2)/(-2) - 4)/(-1). Let b = u - -1. Let q = 8 - b. What is the units digit of q?
4
What is the units digit of 70/4*(3 - 1)?
5
Suppose 0 = 4*u + 20. Let n be (u/(15/6))/(-2). What is the tens digit of (22 + 4)/(n*2)?
1
Let j be ((-11)/(-4))/(2/8). Let a = j - 6. What is the units digit of a?
5
Suppose -4*h - 105 = -3*z, -5*z = -2*h - 181 - 8. Let v = -1 + z. What is the tens digit of v?
3
Let q(o) = -o + 5. Let v be q(4). Let c be 0/v + (-8)/4. What is the units digit of 2/(c - 0) + 3?
2
Suppose 3*q - 13 = 2*s, 0 = -5*q - 5*s + 3*s + 27. Suppose q*i - 85 = 5*a, 13 = -a - 4*i + 3*i. What is the units digit of 5/a + (-8)/(-6)?
1
Suppose 3*q - 4 = 2*x, -3*q + x - 4*x = -9. Suppose -q*d + 0 = -2. What is the units digit of d?
1
Let j(a) = a**2 + 6*a - 21. What is the units digit of j(-9)?
6
What is the tens digit of 2770/90 + 2/9?
3
Let f(b) = 3*b**2 + 3*b - 8. Let j be f(5). Suppose 342 - j = 5*x. What is the tens digit of x?
5
Let z = 28 + -21. What is the units digit of z?
7
Suppose -39 = 4*n - 111. What is the tens digit of n?
1
Let c(f) = -3*f - 5. Suppose 3*g + 13 = 1. What is the units digit of c(g)?
7
Suppose 2*x = c - 16, 5*x - c - 4*c = -50. What is the units digit of (-3)/6*x + 29?
2
Let x(h) = h**3 - 11*h**2 + 7*h**2 + 1 - 8. Let j be x(5). Suppose 4*n - j = 18. What is the units digit of n?
9
Suppose -3*b - 2*b = 0. Suppose b*g + 26 = 2*g. What is the units digit of g?
3
Let m(l) = -l**2 + 6*l + 5. Let s be m(7). Let u be s/1 - 0 - -4. Suppose 2*y + 2*w = 12, -u*y - w = -4*w - 17. What is the units digit of y?
7
Let x(o) = 2*o**2 + 35*o - 48. What is the tens digit of x(-23)?
0
Suppose -4*q = q - 5*v - 125, 16 = -4*v. Let c = 34 - q. What is the tens digit of c?
1
Let i be (-2)/3*-3 + 1. Let q be (8/3)/(2/i). Suppose 2*o + 8 = q*o. What is the units digit of o?
4
Suppose -9*f + 2*f = -1260. What is the units digit of f?
0
Suppose -3*g + 523 = 5*t, -2*g + 5*t + 322 = 3*t. What is the tens digit of g?
6
What is the units digit of ((-12)/(-5))/((-15)/(-675))?
8
Let l(q) = -3*q + 33. What is the units digit of l(-13)?
2
Let p be 2 + -2 + 0 - -5. Suppose -3*u = 4*x - 68, 0*u = -p*x - u + 74. What is the tens digit of x?
1
Let k = 9 - 6. Let t be k/2*(-16)/3. Let u = t + 15. What is the units digit of u?
7
Suppose n = 4*f + 14, 5*n + 2*f - 1 - 3 = 0. Suppose -n*z = 2*z + 4, -2*y + 3 = z. What is the units digit of y?
2
Let v(h) = 19*h + 1. What is the units digit of v(1)?
0
Let c be 12/(-6) + 5/((-15)/(-18)). Let o(s) be the second derivative of s**3/3 + 3*s**2/2 + s. What is the tens digit of o(c)?
1
Let l be 4/(2/(2 + 0)). Suppose 3*o - 14 = l*p, 4*o = -4*p + 2*o - 24. Let c(x) = -x**2 - 9*x - 4. What is the tens digit of c(p)?
1
Let g = 17 - 5. Suppose -g = 4*p, -3*o - o - 4*p + 16 = 0. What is the units digit of o?
7
Suppose 0 = -5*f + l + 19, 0*f - 11 = 3*f + 5*l. Suppose -3*n + 0*g - 4 = 4*g, -n - 5*g - 5 = 0. Let x = f - n. What is the units digit of x?
3
Let a = -20 - -32. What is the tens digit of a?
1
Let d = -6 + 10. Suppose -4*y + d*j = -54 - 18, 0 = 5*y + 5*j - 50. Suppose 2*g + y = 3*g. What is the units digit of g?
4
Let v = -13 - -19. What is the units digit of v?
6
Let o(q) = 63*q**2 + 3*q + 8. What is the units digit of o(-2)?
4
Suppose 0*f = f - 1. Let z(d) = 29*d**2 + d - 1. What is the units digit of z(f)?
9
Suppose 0 = -6*a + 2*a. Suppose 10 = -a*c + c. What is the units digit of c?
0
Let k(n) = -n**3 - 20*n**2 + 18*n - 15. What is the tens digit of k(-21)?
4
Let x(j) = 44*j**2 - 10*j - 3. Let b(i) = 15*i**2 - 3*i - 1. Let v(c) = 7*b(c) - 2*x(c). What is the units digit of v(-1)?
7
Suppose 0 = 9*n - 1571 - 553. What is the units digit of n?
6
Let c be (75/(-12))/((-3)/24). Suppose 3*n = -2*n + c. What is the tens digit of n?
1
Suppose 2 = v - 2. Suppose l - 5 = -v. What is the units digit of -9 - -8 - (l - 3)?
1
Suppose -3*s - 1180 = -13*s. What is the hundreds digit of s?
1
Let x be 34/8 - (-15)/20. Let r(v) = v**2 - 3*v + 2*v - 7 - 2*v. What is